Nov 30 23:50:46.150 INFO testing termux/termux-packaging against master#8940af3cea4a9a9deabcaf843b2f8cad9a83fc61 for beta-1.31-5
Nov 30 23:50:46.151 INFO running `"docker" "create" "-v" "/mnt/big/crater/work/local/target-dirs/beta-1.31-5/worker-7/master#8940af3cea4a9a9deabcaf843b2f8cad9a83fc61:/target:rw,Z" "-v" "/mnt/big/crater/work/local/test-source/worker-7/beta-1.31-5/master#8940af3cea4a9a9deabcaf843b2f8cad9a83fc61:/source:ro,Z" "-v" "/mnt/big/crater/work/local/cargo-home:/cargo-home:ro,Z" "-v" "/mnt/big/crater/work/local/rustup-home:/rustup-home:ro,Z" "-e" "USER_ID=1000" "-e" "SOURCE_DIR=/source" "-e" "USER_ID=1000" "-e" "CMD=cargo +8940af3cea4a9a9deabcaf843b2f8cad9a83fc61-alt build --frozen" "-e" "CARGO_TARGET_DIR=/target" "-e" "CARGO_INCREMENTAL=0" "-e" "RUST_BACKTRACE=full" "-e" "RUSTFLAGS=--cap-lints=warn" "-e" "CARGO_HOME=/cargo-home" "-e" "RUSTUP_HOME=/rustup-home" "-m" "1536M" "--network" "none" "crater"`
Nov 30 23:50:46.679 INFO [stdout] a04f0f4dcb64d70c0703f416c3f2a6c81ac0f2cc41e3e2a8977eabb17a8ee352
Nov 30 23:50:46.687 INFO running `"docker" "start" "-a" "a04f0f4dcb64d70c0703f416c3f2a6c81ac0f2cc41e3e2a8977eabb17a8ee352"`
Nov 30 23:50:48.617 INFO [stderr] usermod: no changes
Nov 30 23:50:49.087 INFO [stderr]    Compiling libc v0.2.44
Nov 30 23:50:49.089 INFO [stderr]    Compiling flate2-crc v0.1.1
Nov 30 23:50:49.107 INFO [stderr]    Compiling podio v0.1.6
Nov 30 23:50:49.107 INFO [stderr]    Compiling md5 v0.6.0
Nov 30 23:50:49.108 INFO [stderr]    Compiling rand_hc v0.1.0
Nov 30 23:50:49.108 INFO [stderr]    Compiling rand_isaac v0.1.1
Nov 30 23:50:49.108 INFO [stderr]    Compiling rand_xorshift v0.1.0
Nov 30 23:50:49.147 INFO [stderr]    Compiling arrayvec v0.4.8
Nov 30 23:50:53.416 INFO [stderr]    Compiling ar v0.6.1
Nov 30 23:50:53.419 INFO [stderr]    Compiling rust-lzma v0.4.0
Nov 30 23:50:53.420 INFO [stderr]    Compiling libz-sys v1.0.25
Nov 30 23:50:53.463 INFO [stderr]    Compiling tokio-timer v0.2.8
Nov 30 23:50:53.855 INFO [stderr]    Compiling tokio-current-thread v0.1.4
Nov 30 23:50:54.187 INFO [stderr]    Compiling rand_pcg v0.1.1
Nov 30 23:50:54.347 INFO [stderr]    Compiling rand_chacha v0.1.0
Nov 30 23:50:55.165 INFO [stderr]    Compiling rand v0.6.1
Nov 30 23:50:59.792 INFO [stderr]    Compiling crossbeam-epoch v0.6.1
Nov 30 23:50:59.869 INFO [stderr]    Compiling syn v0.15.22
Nov 30 23:51:06.025 INFO [stderr]    Compiling crossbeam-deque v0.6.2
Nov 30 23:51:07.467 INFO [stderr]    Compiling iovec v0.1.2
Nov 30 23:51:07.467 INFO [stderr]    Compiling rand v0.5.5
Nov 30 23:51:07.467 INFO [stderr]    Compiling net2 v0.2.33
Nov 30 23:51:07.467 INFO [stderr]    Compiling num_cpus v1.8.0
Nov 30 23:51:07.479 INFO [stderr]    Compiling openssl-sys v0.9.39
Nov 30 23:51:07.779 INFO [stderr]    Compiling time v0.1.40
Nov 30 23:51:12.955 INFO [stderr]    Compiling atty v0.2.11
Nov 30 23:51:13.055 INFO [stderr]    Compiling filetime v0.2.4
Nov 30 23:51:14.006 INFO [stderr]    Compiling xattr v0.2.2
Nov 30 23:51:14.020 INFO [stderr]    Compiling bytes v0.4.11
Nov 30 23:51:17.148 INFO [stderr]    Compiling futures-cpupool v0.1.8
Nov 30 23:51:17.148 INFO [stderr]    Compiling mio v0.6.16
Nov 30 23:51:17.237 INFO [stderr]    Compiling flate2 v1.0.5
Nov 30 23:51:18.643 INFO [stderr]    Compiling clap v2.32.0
Nov 30 23:51:25.223 INFO [stderr]    Compiling openssl v0.10.15
Nov 30 23:51:25.224 INFO [stderr]    Compiling tar v0.4.20
Nov 30 23:51:25.339 INFO [stderr]    Compiling msdos_time v0.1.6
Nov 30 23:51:43.807 INFO [stderr]    Compiling tokio-io v0.1.10
Nov 30 23:51:43.949 INFO [stderr]    Compiling http v0.1.14
Nov 30 23:51:44.025 INFO [stderr]    Compiling zip v0.4.2
Nov 30 23:51:44.306 INFO [stderr]    Compiling parking_lot_core v0.3.1
Nov 30 23:51:44.307 INFO [stderr]    Compiling phf_generator v0.7.23
Nov 30 23:51:44.663 INFO [stderr]    Compiling uuid v0.7.1
Nov 30 23:51:46.015 INFO [stderr]    Compiling tokio-threadpool v0.1.9
Nov 30 23:51:57.952 INFO [stderr]    Compiling mio-uds v0.6.7
Nov 30 23:51:57.955 INFO [stderr]    Compiling structopt-derive v0.2.13
Nov 30 23:51:57.969 INFO [stderr]    Compiling phf_codegen v0.7.23
Nov 30 23:51:58.171 INFO [stderr]    Compiling tokio-codec v0.1.1
Nov 30 23:52:01.075 INFO [stderr]    Compiling parking_lot v0.6.4
Nov 30 23:52:05.695 INFO [stderr]    Compiling native-tls v0.2.2
Nov 30 23:52:14.275 INFO [stderr]    Compiling tokio-fs v0.1.4
Nov 30 23:52:14.275 INFO [stderr]    Compiling mime_guess v2.0.0-alpha.6
Nov 30 23:52:14.297 INFO [stderr]    Compiling tokio-reactor v0.1.7
Nov 30 23:52:20.740 INFO [stderr]    Compiling structopt v0.2.13
Nov 30 23:52:22.903 INFO [stderr]    Compiling tokio-udp v0.1.3
Nov 30 23:52:23.195 INFO [stderr]    Compiling tokio-uds v0.2.4
Nov 30 23:52:23.351 INFO [stderr]    Compiling tokio-tcp v0.1.2
Nov 30 23:52:29.151 INFO [stderr]    Compiling h2 v0.1.13
Nov 30 23:52:29.393 INFO [stderr]    Compiling tokio v0.1.13
Nov 30 23:52:40.240 INFO [stderr]    Compiling hyper v0.12.16
Nov 30 23:52:48.647 INFO [stderr]    Compiling hyper-tls v0.3.1
Nov 30 23:52:49.859 INFO [stderr]    Compiling reqwest v0.9.5
Nov 30 23:53:02.243 INFO [stderr]    Compiling termux-packaging v0.1.0 (/source)
Nov 30 23:53:12.192 INFO [stderr]     Finished dev [unoptimized + debuginfo] target(s) in 2m 23s
Nov 30 23:53:12.216 INFO [stderr] su: No module specific data is present
Nov 30 23:53:13.505 INFO running `"docker" "inspect" "a04f0f4dcb64d70c0703f416c3f2a6c81ac0f2cc41e3e2a8977eabb17a8ee352"`
Nov 30 23:53:13.841 INFO running `"docker" "rm" "-f" "a04f0f4dcb64d70c0703f416c3f2a6c81ac0f2cc41e3e2a8977eabb17a8ee352"`
Nov 30 23:53:14.207 INFO [stdout] a04f0f4dcb64d70c0703f416c3f2a6c81ac0f2cc41e3e2a8977eabb17a8ee352
Nov 30 23:53:14.215 INFO running `"docker" "create" "-v" "/mnt/big/crater/work/local/target-dirs/beta-1.31-5/worker-7/master#8940af3cea4a9a9deabcaf843b2f8cad9a83fc61:/target:rw,Z" "-v" "/mnt/big/crater/work/local/test-source/worker-7/beta-1.31-5/master#8940af3cea4a9a9deabcaf843b2f8cad9a83fc61:/source:ro,Z" "-v" "/mnt/big/crater/work/local/cargo-home:/cargo-home:ro,Z" "-v" "/mnt/big/crater/work/local/rustup-home:/rustup-home:ro,Z" "-e" "USER_ID=1000" "-e" "SOURCE_DIR=/source" "-e" "USER_ID=1000" "-e" "CMD=cargo +8940af3cea4a9a9deabcaf843b2f8cad9a83fc61-alt test --frozen --no-run" "-e" "CARGO_TARGET_DIR=/target" "-e" "CARGO_INCREMENTAL=0" "-e" "RUST_BACKTRACE=full" "-e" "RUSTFLAGS=--cap-lints=warn" "-e" "CARGO_HOME=/cargo-home" "-e" "RUSTUP_HOME=/rustup-home" "-m" "1536M" "--network" "none" "crater"`
Nov 30 23:53:14.760 INFO [stdout] 5d51b20fab5decd67da5a3907497ca2372f9c7c0dcbfc324aa81f55378c76d57
Nov 30 23:53:14.762 INFO running `"docker" "start" "-a" "5d51b20fab5decd67da5a3907497ca2372f9c7c0dcbfc324aa81f55378c76d57"`
Nov 30 23:53:16.932 INFO [stderr] usermod: no changes
Nov 30 23:53:17.243 INFO [stderr]    Compiling termux-packaging v0.1.0 (/source)
Nov 30 23:53:24.599 INFO [stderr]     Finished dev [unoptimized + debuginfo] target(s) in 7.64s
Nov 30 23:53:24.616 INFO [stderr] su: No module specific data is present
Nov 30 23:53:25.355 INFO running `"docker" "inspect" "5d51b20fab5decd67da5a3907497ca2372f9c7c0dcbfc324aa81f55378c76d57"`
Nov 30 23:53:25.619 INFO running `"docker" "rm" "-f" "5d51b20fab5decd67da5a3907497ca2372f9c7c0dcbfc324aa81f55378c76d57"`
Nov 30 23:53:26.015 INFO [stdout] 5d51b20fab5decd67da5a3907497ca2372f9c7c0dcbfc324aa81f55378c76d57
Nov 30 23:53:26.019 INFO running `"docker" "create" "-v" "/mnt/big/crater/work/local/target-dirs/beta-1.31-5/worker-7/master#8940af3cea4a9a9deabcaf843b2f8cad9a83fc61:/target:rw,Z" "-v" "/mnt/big/crater/work/local/test-source/worker-7/beta-1.31-5/master#8940af3cea4a9a9deabcaf843b2f8cad9a83fc61:/source:ro,Z" "-v" "/mnt/big/crater/work/local/cargo-home:/cargo-home:ro,Z" "-v" "/mnt/big/crater/work/local/rustup-home:/rustup-home:ro,Z" "-e" "USER_ID=1000" "-e" "SOURCE_DIR=/source" "-e" "USER_ID=1000" "-e" "CMD=cargo +8940af3cea4a9a9deabcaf843b2f8cad9a83fc61-alt test --frozen" "-e" "CARGO_TARGET_DIR=/target" "-e" "CARGO_INCREMENTAL=0" "-e" "RUST_BACKTRACE=full" "-e" "RUSTFLAGS=--cap-lints=warn" "-e" "CARGO_HOME=/cargo-home" "-e" "RUSTUP_HOME=/rustup-home" "-m" "1536M" "--network" "none" "crater"`
Nov 30 23:53:26.508 INFO [stdout] 1547f6f422b3ed7b37d6127371d49f548987a909b1098c3a9589a677da464a11
Nov 30 23:53:26.510 INFO running `"docker" "start" "-a" "1547f6f422b3ed7b37d6127371d49f548987a909b1098c3a9589a677da464a11"`
Nov 30 23:53:28.891 INFO [stderr] usermod: no changes
Nov 30 23:53:29.403 INFO [stderr]     Finished dev [unoptimized + debuginfo] target(s) in 0.48s
Nov 30 23:53:29.423 INFO [stderr]      Running /target/debug/deps/termux_packaging-4df59fee81a4f161
Nov 30 23:53:29.430 INFO [stdout] 
Nov 30 23:53:29.430 INFO [stdout] running 2 tests
Nov 30 23:53:29.435 INFO [stdout] test apt_repo::tests::test_parse_packages ... ok
Nov 30 23:53:29.664 INFO [stdout] test apt_repo::tests::test_fetch_repo ... FAILED
Nov 30 23:53:29.664 INFO [stdout] 
Nov 30 23:53:29.664 INFO [stdout] failures:
Nov 30 23:53:29.664 INFO [stdout] 
Nov 30 23:53:29.664 INFO [stdout] ---- apt_repo::tests::test_fetch_repo stdout ----
Nov 30 23:53:29.664 INFO [stdout] thread 'apt_repo::tests::test_fetch_repo' panicked at 'Error fetching https://termux.net/dists/stable/main/binary-aarch64/Packages: Inner { kind: Hyper(Error { kind: Connect, cause: Custom { kind: Other, error: StringError("failed to lookup address information: Temporary failure in name resolution") } }), url: Some("https://termux.net/dists/stable/main/binary-aarch64/Packages") }', src/apt_repo.rs:30:13
Nov 30 23:53:29.664 INFO [stdout] stack backtrace:
Nov 30 23:53:29.664 INFO [stdout]    0:     0x5654c0b212af - std::sys::unix::backtrace::tracing::imp::unwind_backtrace::h3a8b83e1922cbdde
Nov 30 23:53:29.664 INFO [stdout]                                at libstd/sys/unix/backtrace/tracing/gcc_s.rs:49
Nov 30 23:53:29.664 INFO [stdout]    1:     0x5654c0b2ae17 - std::sys_common::backtrace::print::h00d3155a29b4020f
Nov 30 23:53:29.664 INFO [stdout]                                at libstd/sys_common/backtrace.rs:71
Nov 30 23:53:29.664 INFO [stdout]                                at libstd/sys_common/backtrace.rs:59
Nov 30 23:53:29.664 INFO [stdout]    2:     0x5654c0b256cf - std::panicking::default_hook::{{closure}}::hd7465c742e79e1bb
Nov 30 23:53:29.664 INFO [stdout]                                at libstd/panicking.rs:211
Nov 30 23:53:29.664 INFO [stdout]    3:     0x5654c0b253ce - std::panicking::default_hook::h9e3966f2aa2a6e12
Nov 30 23:53:29.664 INFO [stdout]                                at libstd/panicking.rs:221
Nov 30 23:53:29.664 INFO [stdout]    4:     0x5654c0b25dae - std::panicking::rust_panic_with_hook::h587f091ae747d080
Nov 30 23:53:29.664 INFO [stdout]                                at libstd/panicking.rs:476
Nov 30 23:53:29.664 INFO [stdout]    5:     0x5654c0b25951 - std::panicking::continue_panic_fmt::hb3a4fdede87f43a8
Nov 30 23:53:29.664 INFO [stdout]                                at libstd/panicking.rs:390
Nov 30 23:53:29.664 INFO [stdout]    6:     0x5654c0b2589e - std::panicking::begin_panic_fmt::h387afc7da9a10555
Nov 30 23:53:29.664 INFO [stdout]                                at libstd/panicking.rs:345
Nov 30 23:53:29.664 INFO [stdout]    7:     0x5654c05c5755 - termux_packaging::apt_repo::fetch_repo::h339e82eac834ddb6
Nov 30 23:53:29.664 INFO [stdout]                                at src/apt_repo.rs:30
Nov 30 23:53:29.664 INFO [stdout]    8:     0x5654c05c8181 - termux_packaging::apt_repo::tests::test_fetch_repo::h6e8a5d60c6376167
Nov 30 23:53:29.664 INFO [stdout]                                at src/apt_repo.rs:115
Nov 30 23:53:29.664 INFO [stdout]    9:     0x5654c05c8149 - termux_packaging::apt_repo::tests::test_fetch_repo::{{closure}}::ha92dd61871921b0d
Nov 30 23:53:29.664 INFO [stdout]                                at src/apt_repo.rs:114
Nov 30 23:53:29.664 INFO [stdout]   10:     0x5654c05c0a3d - core::ops::function::FnOnce::call_once::h8b1c09f53f868101
Nov 30 23:53:29.664 INFO [stdout]                                at libcore/ops/function.rs:238
Nov 30 23:53:29.664 INFO [stdout]   11:     0x5654c05ccb2e - <F as alloc::boxed::FnBox<A>>::call_box::hac903f91577a156c
Nov 30 23:53:29.664 INFO [stdout]                                at libtest/lib.rs:1468
Nov 30 23:53:29.664 INFO [stdout]                                at libcore/ops/function.rs:238
Nov 30 23:53:29.664 INFO [stdout]                                at liballoc/boxed.rs:672
Nov 30 23:53:29.664 INFO [stdout]   12:     0x5654c0b35dc9 - __rust_maybe_catch_panic
Nov 30 23:53:29.664 INFO [stdout]                                at libpanic_unwind/lib.rs:102
Nov 30 23:53:29.664 INFO [stdout]   13:     0x5654c05ee782 - std::sys_common::backtrace::__rust_begin_short_backtrace::hb8f0d0309526c184
Nov 30 23:53:29.664 INFO [stdout]                                at libstd/panicking.rs:289
Nov 30 23:53:29.664 INFO [stdout]                                at libstd/panic.rs:392
Nov 30 23:53:29.664 INFO [stdout]                                at libtest/lib.rs:1423
Nov 30 23:53:29.664 INFO [stdout]                                at libstd/sys_common/backtrace.rs:136
Nov 30 23:53:29.664 INFO [stdout]   14:     0x5654c05ef234 - std::panicking::try::do_call::hc2f7c8b9a348d8db
Nov 30 23:53:29.664 INFO [stdout]                                at libstd/thread/mod.rs:409
Nov 30 23:53:29.664 INFO [stdout]                                at libstd/panic.rs:313
Nov 30 23:53:29.664 INFO [stdout]                                at libstd/panicking.rs:310
Nov 30 23:53:29.664 INFO [stdout]   15:     0x5654c0b35dc9 - __rust_maybe_catch_panic
Nov 30 23:53:29.664 INFO [stdout]                                at libpanic_unwind/lib.rs:102
Nov 30 23:53:29.664 INFO [stdout]   16:     0x5654c05dc46c - <F as alloc::boxed::FnBox<A>>::call_box::h6bfded618e480b32
Nov 30 23:53:29.664 INFO [stdout]                                at libstd/panicking.rs:289
Nov 30 23:53:29.664 INFO [stdout]                                at libstd/panic.rs:392
Nov 30 23:53:29.664 INFO [stdout]                                at libstd/thread/mod.rs:408
Nov 30 23:53:29.664 INFO [stdout]                                at liballoc/boxed.rs:672
Nov 30 23:53:29.664 INFO [stdout]   17:     0x5654c0b233bd - std::sys_common::thread::start_thread::h4c28257d67cdf9cb
Nov 30 23:53:29.664 INFO [stdout]                                at liballoc/boxed.rs:682
Nov 30 23:53:29.664 INFO [stdout]                                at libstd/sys_common/thread.rs:24
Nov 30 23:53:29.664 INFO [stdout]   18:     0x5654c0b155f5 - std::sys::unix::thread::Thread::new::thread_start::hfecb2e7eff8fd34f
Nov 30 23:53:29.664 INFO [stdout]                                at libstd/sys/unix/thread.rs:90
Nov 30 23:53:29.664 INFO [stdout]   19:     0x7f7c60dd46b9 - start_thread
Nov 30 23:53:29.664 INFO [stdout]   20:     0x7f7c608f441c - clone
Nov 30 23:53:29.664 INFO [stdout]   21:                0x0 - <unknown>
Nov 30 23:53:29.664 INFO [stdout] 
Nov 30 23:53:29.664 INFO [stdout] 
Nov 30 23:53:29.664 INFO [stdout] failures:
Nov 30 23:53:29.664 INFO [stdout]     apt_repo::tests::test_fetch_repo
Nov 30 23:53:29.665 INFO [stdout] 
Nov 30 23:53:29.665 INFO [stdout] test result: FAILED. 1 passed; 1 failed; 0 ignored; 0 measured; 0 filtered out
Nov 30 23:53:29.665 INFO [stdout] 
Nov 30 23:53:29.672 INFO [stderr] error: test failed, to rerun pass '--bin termux-packaging'
Nov 30 23:53:29.675 INFO [stderr] su: No module specific data is present
Nov 30 23:53:31.110 INFO running `"docker" "inspect" "1547f6f422b3ed7b37d6127371d49f548987a909b1098c3a9589a677da464a11"`
Nov 30 23:53:31.468 INFO running `"docker" "rm" "-f" "1547f6f422b3ed7b37d6127371d49f548987a909b1098c3a9589a677da464a11"`
Nov 30 23:53:31.843 INFO [stdout] 1547f6f422b3ed7b37d6127371d49f548987a909b1098c3a9589a677da464a11
